digit of 2767768?
7
What is the ten millions digit of 10589548?
1
What is the thousands digit of 751997?
1
What is the tens digit of 1788735?
3
What is the hundreds digit of 2394523?
5
What is the tens digit of 439174?
7
What is the hundred thousands digit of 280556?
2
What is the tens digit of 244326?
2
What is the thousands digit of 119847?
9
What is the millions digit of 1734857?
1
What is the hundred thousands digit of 19549776?
5
What is the hundreds digit of 1652242?
2
What is the thousands digit of 16398575?
8
What is the tens digit of 561020?
2
What is the ten millions digit of 10981505?
1
What is the ten millions digit of 12610459?
1
What is the ten thousands digit of 6134615?
3
What is the hundred thousands digit of 211222?
2
What is the thousands digit of 1362760?
2
What is the units digit of 2460604?
4
What is the tens digit of 274060?
6
What is the thousands digit of 890245?
0
What is the tens digit of 8386612?
1
What is the hundred thousands digit of 3235512?
2
What is the ten thousands digit of 269533?
6
What is the hundreds digit of 5545363?
3
What is the hundreds digit of 1345085?
0
What is the thousands digit of 267727?
7
What is the hundreds digit of 587685?
6
What is the units digit of 1933565?
5
What is the units digit of 4671747?
7
What is the ten thousands digit of 1506070?
0
What is the tens digit of 47574?
7
What is the ten thousands digit of 492835?
9
What is the thousands digit of 7303147?
3
What is the ten thousands digit of 37626?
3
What is the units digit of 202530?
0
What is the hundreds digit of 615821?
8
What is the thousands digit of 1614605?
4
What is the millions digit of 1199143?
1
What is the ten thousands digit of 2394409?
9
What is the hundred thousands digit of 303715?
3
What is the millions digit of 5871925?
5
What is the hundreds digit of 3068987?
9
What is the units digit of 163046?
6
What is the tens digit of 450167?
6
What is the hundreds digit of 2126340?
3
What is the millions digit of 1283222?
1
What is the thousands digit of 7811643?
1
What is the tens digit of 1628165?
6
What is the hundred thousands digit of 127032?
1
What is the thousands digit of 16374063?
4
What is the ten thousands digit of 60321?
6
What is the millions digit of 16499402?
6
What is the hundreds digit of 33705?
7
What is the ten thousands digit of 1825549?
2
What is the tens digit of 47263?
6
What is the hundreds digit of 549807?
8
What is the tens digit of 1357105?
0
What is the units digit of 1394895?
5
What is the hundreds digit of 11636?
6
What is the units digit of 43515?
5
What is the hundreds digit of 579577?
5
What is the ten thousands digit of 365585?
6
What is the thousands digit of 192342?
2
What is the thousands digit of 287586?
7
What is the units digit of 490096?
6
What is the hundreds digit of 2073620?
6
What is the tens digit of 65510?
1
What is the ten thousands digit of 59465?
5
What is the tens digit of 9964133?
3
What is the hundred thousands digit of 26336694?
3
What is the ten thousands digit of 3902935?
0
What is the units digit of 8664376?
6
What is the tens digit of 2136414?
1
What is the hundred thousands digit of 124153?
1
What is the hundred thousands digit of 628223?
6
What is the hundreds digit of 303013?
0
What is the hundred thousands digit of 391947?
3
What is the ten thousands digit of 3954650?
5
What is the units digit of 1765505?
5
What is the ten thousands digit of 3453690?
5
What is the ten thousands digit of 8484415?
8
What is the units digit of 69748?
8
What is the hundred thousands digit of 266346?
2
What is the ten thousands digit of 197799?
9
What is the hundreds digit of 4098745?
7
What is the tens digit of 450103?
0
What is the units digit of 346926?
6
What is the tens digit of 339568?
6
What is the thousands digit of 210308?
0
What is the tens digit of 12505013?
1
What is the millions digit of 1387195?
1
What is the ten thousands digit of 42159?
4
What is the hundred thousands digit of 650105?
6
What is the units digit of 6622836?
6
What is the millions digit of 19506549?
9
What is the thousands digit of 482220?
2
What is the millions digit of 1260923?
1
What is the thousands digit of 44959435?
9
What is the hundreds digit of 253775?
7
What is the hundreds digit of 725436?
4
What is the hundreds digit of 8144276?
2
What is the ten thousands digit of 3465309?
6
What is the hundred thousands digit of 268695?
2
What is the hundreds digit of 356429?
4
What is the tens digit of 1814009?
0
What is the hundred thousands digit of 775799?
7
What is the hundreds digit of 182057?
0
What is the tens digit of 849293?
9
What is the hundred thousands digit of 242091?
2
What is the hundreds digit of 4368497?
4
What is the ten thousands digit of 10777218?
7
What is the units digit of 6203624?
4
What is the units digit of 8066296?
6
What is the thousands digit of 548526?
8
What is the millions digit of 1005621?
1
What is the thousands digit of 221171?
1
What is the ten millions digit of 12979989?
1
What is the units digit of 37428413?
3
What is the tens digit of 2005863?
6
What is the hundred thousands digit of 1400934?
4
What is the millions digit of 9071728?
9
What is the hundred thousands digit of 743401?
7
What is the units digit of 4076599?
9
What is the units digit of 2366635?
5
What is the hundred thousands digit of 2669245?
6
What is the ten thousands digit of 13617330?
1
What is the hundreds digit of 14231054?
0
What is the millions digit of 1198586?
1
What is the ten thousands digit of 129623?
2
What is the units digit of 1078929?
9
What is the tens digit of 8352141?
4
What is the hundreds digit of 2990877?
8
What is the hundreds digit of 5953?
9
What is the ten thousands digit of 1235669?
3
What is the thousands digit of 6019569?
9
What is the tens digit of 2022536?
3
What is the hundred thousands digit of 2927444?
9
What is the thousands digit of 2075878?
5
What is the thousands digit of 79216?
9
What is the thousands digit of 3099571?
9
What is the millions digit of 1098153?
1
What is the hundred thousands digit of 385457?
3
What is the ten millions digit of 32160811?
3
What is the ten thousands digit of 91027?
9
What is the units digit of 15937?
7
What is the ten thousands digit of 344034?
4
What is the tens digit of 1072487?
8
What is the thousands digit of 8901824?
1
What is the millions digit of 36772610?
6
What is the ten thousands digit of 254313?
5
What is the ten thousands digit of 2264274?
6
What is the hundreds digit of 1568869?
8
What is the thousands digit of 30509858?
9
What is the tens digit of 17230676?
7
What is the hundreds digit of 396672?
6
What is the ten thousands digit of 1042348?
4
What is the thousands digit of 27602336?
2
What is the hundreds digit of 9730110?
1
What is the ten thousands digit of 209932?
0
What is the tens digit of 22904?
0
What is the hundred thousands digit of 665776?
6
What is the millions digit of 5360897?
5
What is the millions digit of 3288632?
3
What is the tens digit of 779000?
0
What is the thousands digit of 197942?
7
What is the ten thousands digit of 7337196?
3
What is the ten thousands digit of 1140007?
4
What is the ten thousands digit of 6700524?
0
What is the millions digit of 1300164?
1
What is the thousands digit of 164479?
4
What is the units digit of 14208756?
6
What is the millions digit of 4016771?
4
What is the thousands digit of 6142378?
2
What is the ten thousands digit of 2070938?
7
What is the units digit of 368739?
9
What is the ten thousands digit of 9636524?
3
What is the units digit of 456407?
7
What is the thousands digit of 304078?
4
What is the millions digit of 19445531?
9
What is the hundred thousands digit of 438234?
4
What is the ten thousands digit of 3901632?
0
What is the tens digit of 2516699?
9
What is the thousands digit of 9183977?
3
What is the hundreds digit of 7095347?
3
What is the thousands digit of 448630?
8
What is the ten thousands digit of 13307054?
0
What is the thousands digit of 3583274?
3
What is the hundreds digit of 228156?
1
What is the units digit of 644396?
6
What is the tens digit of 1951821?
2
What is the hundreds digit of 6874213?
2
What is the ten thousands digit of 3754434?
5
What is the units digit of 315100?
0
What is the thousands digit of 947092?
7
What is the units